(c).
2
Let s(b) = -15*b**3 + 23*b**2 - 8*b - 17. Let n(i) = 7*i**3 - 11*i**2 + 4*i + 8. Let h(f) = -13*n(f) - 6*s(f). What is h(5)?
-22
Let c(j) be the third derivative of 3*j**5/40 - 3*j**3/2 - 7*j**2. Let r(w) be the first derivative of c(w). What is r(1)?
9
Let s(u) be the second derivative of u**4/12 - u**3/6 + 9*u**2/2 + u + 26. What is s(0)?
9
Let r(z) = -2*z + 4. Let l = 3 + -6. Let s be (-2)/1*(l + 1). Calculate r(s).
-4
Let g(j) = 4*j + 1. Suppose 11 = n + 12. What is g(n)?
-3
Let n(i) = i**2 - 6*i + 6. Let d(p) = 6*p - 7. Let x(u) = 2*d(u) + 3*n(u). Let g(h) = 4*h**2 - 7*h + 3. Let v(z) = -2*g(z) + 3*x(z). What is v(4)?
6
Suppose -3*n = -1 - 5. Suppose -4*m + f - 3 = 0, 6*m + 3 = m + f. Let t(q) = n*q + 3 + m + 0 + 0*q. Determine t(-2).
-1
Let q(o) = o + 1. Suppose -r - 4*y = 21, 0*r + 5*r - 20 = 5*y. Let b(a) = -a**2 + 9*a + 12. Let x(u) = r*b(u) + 4*q(u). Determine x(6).
-2
Let k(h) = -2*h + 10*h - 5*h**2 + 2 - 6 + 3. Let t(l) = 10*l**2 - 17*l + 2. Let z(v) = 13*k(v) + 6*t(v). Give z(1).
-4
Let s(b) be the second derivative of b**5/20 - b**4/3 - b**3/6 - b**2/2 - 6*b. Determine s(2).
-11
Let p(l) = 4*l + 3*l**2 - 1 - 2*l**2 - 4*l - 3*l. Suppose -2*i + 2*b = -2, -2*i + 4 = b - 1. Let q be 1*(18/3 - i). What is p(q)?
3
Let b(f) = f - f + 1 + 2*f. Let q(m) = m**2. Let k be q(-2). Let o be (-16)/10 - k/10. Determine b(o).
-3
Let q(a) = 2*a**2 + 3*a - 2. Let p be 6/5*30/(-12). Determine q(p).
7
Let z(m) = m**3 - 5*m**2 - m + 7. Let r be z(5). Suppose -6*s + 1 = -11. Let c(k) = 3*k**s - k + r*k**3 - 2*k - 3 - k**2. Calculate c(-2).
-5
Suppose 0*o + 2 = -o. Let r(s) = -s - 1. Let x be r(o). Let q(b) = 10*b**2 + b - 1. Give q(x).
10
Suppose -z = 2*z + 12, -3*c - 5*z + 7 = 0. Let m(q) = q**2 - 10*q + 7. What is m(c)?
-2
Let d(z) = 4*z - 5*z + 3*z + 2 + z**2. What is d(-3)?
5
Let b = 5 + -3. Let x = b + 1. Let u(t) = -t**3 + t**2 + 4*t. What is u(x)?
-6
Let n = 33 + -39. Let x(t) = t**2 + 7*t + 6. Give x(n).
0
Let q(p) = -p + 12. Let a be (8/1)/1 - 0. Suppose 2*j + 2*j - a = 0. Suppose 0 = j*k - 1 - 9. What is q(k)?
7
Let x(n) = -3*n**2 + n + 1. Let w = -24 - -23. Determine x(w).
-3
Let g(c) = 3 - c**2 + 5 + 6*c - 5. Calculate g(5).
8
Let x(i) = 41*i**3 + i**2 + i**2 + 2 - 3*i + 0*i**2 - 42*i**3. Give x(2).
-4
Let p = 46 + -47. Let i(y) = -4*y**3 + 2*y + 1. What is i(p)?
3
Let v(h) = -h**3 + 8*h**2 - 6*h - 4. Suppose 2*w - a + 30 = 6*w, 0 = -a + 2. What is v(w)?
3
Let m(v) = 2*v + 5*v - 9*v - 4*v. What is m(1)?
-6
Let k(n) = n**3 - 3*n**2 - 3*n + 4. Suppose 44 = 2*l - 0*l. Suppose 3*g - 3*a = 24, 2*a = -g + 5*g - l. What is k(g)?
-5
Suppose -2*n - n + 12 = 0. Let w(l) = l**3 - 3*l**2 - 3*l - 4. What is w(n)?
0
Let l(t) = 0 + 0 - t - 4*t - 4 - t**2. What is l(-4)?
0
Let z(d) be the second derivative of -13*d**4/12 + d**2/2 - 17*d. Give z(-1).
-12
Let y(k) = -k**2 + 4*k + 7. Suppose -5*d + 2*l + 11 = -27, -4*d + 4*l + 40 = 0. What is y(d)?
-5
Let i(o) = o + 6. Let k be (1 + 0/3)*4. Suppose -m - 2*t + 1 = 0, -m + k*t + 7 = -0*m. Suppose 5*x - 5*a = 0, m*x - 7*x = a + 25. Give i(x).
1
Let q(g) = g**3 - 3*g**2 - 3*g - 4. Let y(c) = -3*c + 2. Let r be y(-2). Let a be r*(4/8)/1. Calculate q(a).
0
Let h(f) be the first derivative of 5*f**4/4 + f**3/3 - f + 1. Suppose 3*l - 2*j - 3 = j, 2*j - 2 = 0. Let u be l/(-4*(-2)/(-4)). What is h(u)?
-5
Let r(h) = -h**3 + 13*h**2 + 4*h - 3. Let z(n) = n**3 - 9*n**2 - 3*n + 2. Let f(b) = 5*r(b) + 7*z(b). Give f(-2).
-7
Suppose 0 = -2*w, -3*v = -0*v + 4*w - 12. Let x(c) = -c - v - 5 + 2 + 2. Give x(-6).
1
Let p(a) = -2*a - 2. Suppose 5*y + 2*x - 4*x = 54, -5*y + 4*x + 58 = 0. Let n = y + -4. Suppose -n*j + j = -2*d, 4*j + 3*d = 23. Give p(j).
-6
Let a(w) be the third derivative of -w**4/24 - 7*w**3/3 + 14*w**2. Suppose x = -3*v - x - 22, 3*v + 26 = -4*x. Calculate a(v).
-8
Let r(j) = -2*j**2 + 1. Let d(k) = 11*k**2 + 7*k - 9. Let c(h) = 23*h**2 + 15*h - 19. Let b(y) = 6*c(y) - 13*d(y). Let p(g) = 3*b(g) - 7*r(g). What is p(-3)?
2
Let r be ((-2)/((-4)/(-6)))/(-1). Let d(f) = -2 + 13*f**2 + 4 - 10*f**2 - f**r + 2*f**3. Determine d(-3).
2
Let w(d) be the second derivative of -d**5/20 + 7*d**4/12 - 4*d**3/3 + 3*d**2/2 - 32*d. Let p be (1 + -2 - -2) + 5. Determine w(p).
-9
Let u(x) = -x**3 - x**2 + 0*x - 3*x + 5*x**2. Let j(y) = -3*y**3 + y**2 - 1. Let i be j(-1). Determine u(i).
0
Let z(u) = -u - 1. Let s be z(-2). Let a be (-4)/(s/(-2)*4). Let h(k) = k**3 - 4*k**2 + 3*k - 2. Determine h(a).
-4
Let x(a) = a**2 - 2*a - 4. Let u be ((-9)/(-3))/(3/(-3)). Let i = u - -6. Determine x(i).
-1
Let x(q) = q**3 - 3*q**2 - 4*q + 3. Suppose 0 = 8*s - 5*s - 12. What is x(s)?
3
Let b(l) = -2*l**2 + 5*l + 4. Let g(t) = t**2 - 4*t - 3. Let h(k) = -4*b(k) - 5*g(k). Give h(3).
26
Suppose 5*k + 0 = -25. Let c be (-2)/k + (-148)/20. Let d be (-25)/(-35) + (-2)/c. Let l(h) = -4*h**2 - h. Calculate l(d).
-5
Suppose m = 5*m. Let k(g) = 2*g + 0*g + m*g - 3*g. Determine k(3).
-3
Let z be (-7 - (-6)/2)/(-2). Let t(y) = 7*y - 2*y**2 - 6 + 2*y**z - y**2. What is t(5)?
4
Let c(t) = -t**2 + 1. Let r be (22 - 18)*1/(-2) - -4. Calculate c(r).
-3
Let x(d) be the third derivative of -7*d**6/120 + d**4/12 + d**3/6 + 2*d**2. Suppose -3*s - 1 = -5*j, 4*s - 2 = 5*j - 5. Calculate x(j).
6
Let r(m) = -m**3 - m**2 + m + 2. Let a be -6*-2*(-1)/(-6). Suppose -3*q - 2 = -2*l, 10 = a*l + q - 0. Suppose -l*p - 6 = -p. Determine r(p).
4
Let l be 18/(-8)*(-32)/12. Suppose -6*a + 5*a = l. Let h(n) = 7 + 6*n + n + 0*n + n**2. Determine h(a).
1
Let l(j) = 17 + 4*j**2 + j**3 - 7 - 3*j - 3*j - 3. What is l(-5)?
12
Let g(x) = 3*x + 2. Suppose 5*b + 115 = 5*q, q - 50 = -q + 4*b. Let d(v) = 10*v + 7. Let r(l) = q*g(l) - 6*d(l). Determine r(-3).
-9
Let h(n) = -n**3 - 5*n**2 - 3*n. Let t(z) = -z**3 - 6*z**2 - 4*z + 1. Let d be t(-5). Let k be d/(4/(-2))*-2. Calculate h(k).
-4
Let i(l) = 4*l + 35. Let h be i(-6). Let t(o) = o - 7. Calculate t(h).
4
Suppose -5*i - 3*f + 26 = -3*i, 0 = 3*f + 6. Let r be 4/12 - i/(-6). Let o(j) = 0*j + r*j - j - 2. Give o(-3).
-8
Let f(n) = -4*n + 2. Let g be (1 + (-2)/(-6))*-3. Let h be 2/(-4)*1*g. What is f(h)?
-6
Let k(g) be the second derivative of g**3/2 + 3*g**2 + 3*g. Let i(q) = 16*q + 31. Let y(f) = -2*i(f) + 11*k(f). What is y(3)?
7
Let h(s) = s**3 - 5*s**2 - 6*s + 4. Let o(y) = -y**3 + 3*y**2 + 2*y + 1. Let i be o(3). Let q = 13 - i. Give h(q).
4
Let h(o) = -o**2 - o + 3. Suppose -3*w + 15 = -0*w. Suppose 3 - 13 = -w*s. Suppose -2 = s*p, 1 = -2*x + 3*x - p. Give h(x).
3
Let d(f) = -f**2 - f. Let y be d(-1). Let g(l) = 2*l + y*l + 1 + 3 - 6*l. Let u(k) = 4*k - 5. Let p(j) = -4*g(j) - 3*u(j). What is p(3)?
11
Let c be 3*6/(-9) - -3. Let b(h) = 8 + c + h - 3. Give b(-5).
1
Let n be (4 + -3)*0*2/4. Let b(c) be the third derivative of 1/24*c**4 - 2/3*c**3 + n + 3*c**2 + 0*c. Give b(3).
-1
Let m(c) be the third derivative of -c**4/3 - c**3/6 - 2*c**2. Calculate m(-1).
7
Suppose -2*d + 2*q = -4, 4*q = -d - 4 + 1. Let n(s) = s + 5 - d + 0 - 2*s. Let r(y) = y**3 - 6*y**2 - 6*y - 2. Let b be r(7). Determine n(b).
-1
Let q(l) = -l + 2. Suppose 13*o = 12*o + 4. Calculate q(o).
-2
Let a(y) = y + 2. Let w be a(-6). Let c = w - -1. Let r = -1 - c. Let b(n) = -2*n**2 + 3*n - 2. Give b(r).
-4
Let k(f) = 559 - 564 + f**2 + 4*f - 12*f. Calculate k(9).
4
Let h(l) = l - 3. Let m(d) = 2*d - 4. Let q be m(5). Let b(i) be the first derivative of -i**2/2 + 6*i - 3. Let r(k) = q*b(k) + 11*h(k). Calculate r(-2).
-7
Let a(h) = 13*h + 1. Let c = -129 - -128. Give a(c).
-12
Let z = 19 - 13. Let t(o) be the third derivative of 0*o - 1/120*o**z - 1/12*o**4 - 1/2*o**3 + 0 - o**2 - 1/15*o**5. Calculate t(-4).
5
Let x(a) be the second derivative of 2*a**4/3 - a**3/3 + a**2/2 + 5*a - 3. Determine x(1).
7
Let m(n) = -6*n**2 - 2*n - 7*n**2 + 5*n**2 - 1. Give m(-1).
-7
Let h(k) = -10*k**3 + 1. Suppose -l - 16 = 3*z, 2*l + 7 = 5*l - 2*z. Calculate h(l).
11
Let i(j) = -j - 1. Let x(f) = 2*f - 4. Let z(r) = 4*i(r) - x(r). Determine z(-2).
12
Let d be 1/(-3) - 22/33. Let r(q) = 3*q. Calculate r(d).
-3
Let b = -18 - -8. Let l = 15 + b. Let m(p) = 6*p - 2*p - l*p**2 + 4*p**2. What is m(5)?
-5
Let f(a) = 2*a**3 + a**2 - 9*a - 7. Let t(k) = k**3 - 4*k - 3. Let o(z) = -4*f(z) + 9*t(z). Let r be (-2 - (-3)/2)*-6. Give o(r).
-8
Suppose -2*u - 4*a = u + 9, 4*a + 16 = 4*u. Let b(q